{"id":2809,"date":"2025-09-06T11:12:52","date_gmt":"2025-09-06T09:12:52","guid":{"rendered":"https:\/\/www.illaureto.com\/?page_id=2809"},"modified":"2025-09-06T11:21:05","modified_gmt":"2025-09-06T09:21:05","slug":"cookie-policy","status":"publish","type":"page","link":"https:\/\/www.illaureto.com\/?page_id=2809","title":{"rendered":"Cookie Policy"},"content":{"rendered":"\n<h2 class=\"wp-block-heading\">Informativa sui Cookie<\/h2>\n\n\n\n<p>Questo sito utilizza cookie tecnici e, previo consenso dell\u2019utente, cookie di terze parti per migliorare l\u2019esperienza di navigazione e raccogliere informazioni anonime a fini statistici.<br>Cosa sono i cookie?<br>I cookie sono piccoli file di testo che i siti visitati inviano al browser dell\u2019utente, dove vengono memorizzati per poi essere ritrasmessi agli stessi siti alla visita successiva. Servono per migliorare l\u2019esperienza utente, memorizzare preferenze o raccogliere dati aggregati sull\u2019uso del sito.<br><br>Tipologie di cookie utilizzati<br>Cookie tecnici (necessari): permettono il corretto funzionamento del sito e non richiedono il consenso dell\u2019utente. Sono usati, ad esempio, per gestire la sessione e consentire il download dell\u2019archivio.<br>Cookie funzionali: opzionali, servono per ricordare le preferenze dell\u2019utente (es. lingua).<br>Cookie di terze parti (ad es. Google Analytics, YouTube, ecc.): possono essere usati per raccogliere statistiche anonime o per integrare contenuti multimediali. Questi cookie vengono installati solo previo consenso.<br><br>Finalit\u00e0 del sito<br>Questo sito \u00e8 dedicato alla presentazione dell\u2019artista [Nome Artista], e consente:<br>la navigazione tra gallerie di opere,<br>l\u2019invio di email di contatto,<br>il download di un archivio con materiali selezionati (immagini, cataloghi, biografie, ecc.).<br>Non viene effettuata alcuna profilazione degli utenti, n\u00e9 vengono raccolti dati personali per finalit\u00e0 di marketing.<br><br>Gestione dei cookie<br>Al primo accesso, ti verr\u00e0 chiesto di accettare o rifiutare i cookie non essenziali. Puoi modificare in qualsiasi momento le tue preferenze cliccando su \u201cGestisci preferenze cookie\u201d nel footer del sito.<br><br>Contatti<br>Per ulteriori informazioni sul trattamento dei dati personali, consulta la Privacy Policy <a href=\"https:\/\/www.illaureto.com\/?page_id=2809\">https:\/\/www.illaureto.com\/?page_id=2813<\/a> o scrivi a filippovisco2001@libero.it.<\/p>\n\n\n\n<p><\/p>\n","protected":false},"excerpt":{"rendered":"<p>Informativa sui Cookie Questo sito utilizza cookie tecnici e, previo consenso dell\u2019utente, cookie di terze parti per migliorare l\u2019esperienza di navigazione e raccogliere informazioni anonime a fini statistici.Cosa sono i cookie?I cookie sono piccoli file di testo che i siti&#8230;<\/p>\n","protected":false},"author":1,"featured_media":0,"parent":0,"menu_order":0,"comment_status":"closed","ping_status":"closed","template":"","meta":{"_acf_changed":false,"footnotes":""},"class_list":["post-2809","page","type-page","status-publish","hentry"],"acf":[],"_links":{"self":[{"href":"https:\/\/www.illaureto.com\/index.php?rest_route=\/wp\/v2\/pages\/2809","targetHints":{"allow":["GET"]}}],"collection":[{"href":"https:\/\/www.illaureto.com\/index.php?rest_route=\/wp\/v2\/pages"}],"about":[{"href":"https:\/\/www.illaureto.com\/index.php?rest_route=\/wp\/v2\/types\/page"}],"author":[{"embeddable":true,"href":"https:\/\/www.illaureto.com\/index.php?rest_route=\/wp\/v2\/users\/1"}],"replies":[{"embeddable":true,"href":"https:\/\/www.illaureto.com\/index.php?rest_route=%2Fwp%2Fv2%2Fcomments&post=2809"}],"version-history":[{"count":6,"href":"https:\/\/www.illaureto.com\/index.php?rest_route=\/wp\/v2\/pages\/2809\/revisions"}],"predecessor-version":[{"id":2832,"href":"https:\/\/www.illaureto.com\/index.php?rest_route=\/wp\/v2\/pages\/2809\/revisions\/2832"}],"wp:attachment":[{"href":"https:\/\/www.illaureto.com\/index.php?rest_route=%2Fwp%2Fv2%2Fmedia&parent=2809"}],"curies":[{"name":"wp","href":"https:\/\/api.w.org\/{rel}","templated":true}]}}